{"id":521,"date":"2025-11-05T12:48:06","date_gmt":"2025-11-05T11:48:06","guid":{"rendered":"https:\/\/lacensedelavie.fr\/?page_id=521"},"modified":"2025-11-17T22:09:27","modified_gmt":"2025-11-17T21:09:27","slug":"arbres-fruitiers","status":"publish","type":"page","link":"https:\/\/lacensedelavie.fr\/index.php\/arbres-fruitiers\/","title":{"rendered":"Les arbres fruitiers"},"content":{"rendered":"\n<p>Depuis 2017, nous cr\u00e9ons notre vergers en greffant nous m\u00eame nos propres arbres en fonction de nos envies et besoins. Nous s\u00e9lectionnons en priorit\u00e9 des vari\u00e9t\u00e9s locales qui permettent une meilleur adaptation et donc moins de maladies.<\/p>\n\n\n\n<p>Pommiers, poiriers, cerisiers, pruniers, figuiers sont les principales essences, disponibles dans de multiples vari\u00e9t\u00e9 et formes (haute tige, demi tige, basse tige)<\/p>\n\n\n\n<div class=\"wp-block-group\"><div class=\"wp-block-group__inner-container is-layout-constrained wp-block-group-is-layout-constrained\">\n<figure class=\"wp-block-gallery has-nested-images columns-default is-cropped wp-block-gallery-1 is-layout-flex wp-block-gallery-is-layout-flex\">\n<figure class=\"wp-block-image size-large\"><img loading=\"lazy\" decoding=\"async\" width=\"577\" height=\"1024\" data-id=\"538\" src=\"https:\/\/lacensedelavie.fr\/wp-content\/uploads\/2025\/11\/20251026_154314-577x1024.jpg\" alt=\"\" class=\"wp-image-538\" srcset=\"https:\/\/lacensedelavie.fr\/wp-content\/uploads\/2025\/11\/20251026_154314-577x1024.jpg 577w, https:\/\/lacensedelavie.fr\/wp-content\/uploads\/2025\/11\/20251026_154314-169x300.jpg 169w, https:\/\/lacensedelavie.fr\/wp-content\/uploads\/2025\/11\/20251026_154314-768x1364.jpg 768w, https:\/\/lacensedelavie.fr\/wp-content\/uploads\/2025\/11\/20251026_154314-865x1536.jpg 865w, https:\/\/lacensedelavie.fr\/wp-content\/uploads\/2025\/11\/20251026_154314-1153x2048.jpg 1153w, https:\/\/lacensedelavie.fr\/wp-content\/uploads\/2025\/11\/20251026_154314-scaled.jpg 1442w\" sizes=\"auto, (max-width: 577px) 100vw, 577px\" \/><\/figure>\n\n\n\n<figure class=\"wp-block-image size-large\"><img loading=\"lazy\" decoding=\"async\" width=\"1442\" height=\"2560\" data-id=\"533\" src=\"https:\/\/lacensedelavie.fr\/wp-content\/uploads\/2025\/11\/20251026_154310-scaled.jpg\" alt=\"\" class=\"wp-image-533\"\/><\/figure>\n<\/figure>\n<\/div><\/div>\n\n\n\n<p>La liste des fruitiers disponible est t\u00e9l\u00e9chargeable ci-dessous. Les tarifs sont fonctions de la taille de l&rsquo;arbre (1m \u00e0 plus de 4m), entre 18 et 29\u20ac. pour passer commande ou pour toute question, envoyez nous un mail \u00e0 contact@lacensedelavie.fr<\/p>\n\n\n\n<div data-wp-interactive=\"core\/file\" class=\"wp-block-file\"><object data-wp-bind--hidden=\"!state.hasPdfPreview\" hidden class=\"wp-block-file__embed\" data=\"https:\/\/lacensedelavie.fr\/wp-content\/uploads\/2025\/11\/Arbres-disponibles-17-nov-2025.pdf\" type=\"application\/pdf\" style=\"width:100%;height:600px\" aria-label=\"Contenu embarqu\u00e9 Arbres disponibles 17 nov 2025.\"><\/object><a id=\"wp-block-file--media-84f69748-61c7-443a-af18-78826dbee4cd\" href=\"https:\/\/lacensedelavie.fr\/wp-content\/uploads\/2025\/11\/Arbres-disponibles-17-nov-2025.pdf\">Arbres disponibles 17 nov 2025<\/a><a href=\"https:\/\/lacensedelavie.fr\/wp-content\/uploads\/2025\/11\/Arbres-disponibles-17-nov-2025.pdf\" class=\"wp-block-file__button wp-element-button\" download aria-describedby=\"wp-block-file--media-84f69748-61c7-443a-af18-78826dbee4cd\">T\u00e9l\u00e9charger<\/a><\/div>\n","protected":false},"excerpt":{"rendered":"<p>Depuis 2017, nous cr\u00e9ons notre vergers en greffant nous m\u00eame nos propres arbres en fonction de nos envies et besoins. Nous s\u00e9lectionnons en priorit\u00e9 des vari\u00e9t\u00e9s locales qui permettent une meilleur adaptation et donc moins de maladies. Pommiers, poiriers, cerisiers, pruniers, figuiers sont les principales essences, disponibles dans de multiples vari\u00e9t\u00e9 et formes (haute tige, &hellip; <\/p>\n<p class=\"link-more\"><a href=\"https:\/\/lacensedelavie.fr\/index.php\/arbres-fruitiers\/\" class=\"more-link\">Continuer la lecture<span class=\"screen-reader-text\"> de &laquo;&nbsp;Les arbres fruitiers&nbsp;&raquo;<\/span><\/a><\/p>\n","protected":false},"author":1,"featured_media":0,"parent":0,"menu_order":0,"comment_status":"closed","ping_status":"closed","template":"","meta":{"footnotes":""},"class_list":["post-521","page","type-page","status-publish","hentry"],"jetpack_sharing_enabled":true,"_links":{"self":[{"href":"https:\/\/lacensedelavie.fr\/index.php\/wp-json\/wp\/v2\/pages\/521","targetHints":{"allow":["GET"]}}],"collection":[{"href":"https:\/\/lacensedelavie.fr\/index.php\/wp-json\/wp\/v2\/pages"}],"about":[{"href":"https:\/\/lacensedelavie.fr\/index.php\/wp-json\/wp\/v2\/types\/page"}],"author":[{"embeddable":true,"href":"https:\/\/lacensedelavie.fr\/index.php\/wp-json\/wp\/v2\/users\/1"}],"replies":[{"embeddable":true,"href":"https:\/\/lacensedelavie.fr\/index.php\/wp-json\/wp\/v2\/comments?post=521"}],"version-history":[{"count":7,"href":"https:\/\/lacensedelavie.fr\/index.php\/wp-json\/wp\/v2\/pages\/521\/revisions"}],"predecessor-version":[{"id":549,"href":"https:\/\/lacensedelavie.fr\/index.php\/wp-json\/wp\/v2\/pages\/521\/revisions\/549"}],"wp:attachment":[{"href":"https:\/\/lacensedelavie.fr\/index.php\/wp-json\/wp\/v2\/media?parent=521"}],"curies":[{"name":"wp","href":"https:\/\/api.w.org\/{rel}","templated":true}]}}