{"id":362,"date":"2018-12-11T15:30:27","date_gmt":"2018-12-11T14:30:27","guid":{"rendered":"http:\/\/lacensedelavie.fr\/?page_id=362"},"modified":"2018-12-11T15:30:27","modified_gmt":"2018-12-11T14:30:27","slug":"la-courge-carat","status":"publish","type":"page","link":"https:\/\/lacensedelavie.fr\/index.php\/nos-recettes\/les-courges\/la-courge-carat\/","title":{"rendered":"La courge Carat"},"content":{"rendered":"<p><img loading=\"lazy\" decoding=\"async\" class=\"size-full wp-image-294 alignleft\" src=\"https:\/\/lacensedelavie.fr\/wp-content\/uploads\/2018\/11\/courge-carat.jpg\" alt=\"\" width=\"266\" height=\"189\" \/>Sa texture est fondante, elle peut facilement \u00eatre utilis\u00e9e en pur\u00e9e. On peut aussi la farcir. Elle poss\u00e8de un petit go\u00fbt de carotte, l\u00e9g\u00e8rement sucr\u00e9e.<\/p>\n<p>&nbsp;<\/p>\n<p>&nbsp;<\/p>\n<p>Une tr\u00e8s bonne recette en quiche ici :\u00a0<a href=\"https:\/\/biocultureetvous.org\/2017\/12\/12\/quiche-a-la-courge-carat-et-au-poireau-caramelise\/\">Quiche \u00e0 la courge Carat et au poireau\u00a0caram\u00e9lis\u00e9<\/a><\/p>\n","protected":false},"excerpt":{"rendered":"<p>Sa texture est fondante, elle peut facilement \u00eatre utilis\u00e9e en pur\u00e9e. On peut aussi la farcir. Elle poss\u00e8de un petit go\u00fbt de carotte, l\u00e9g\u00e8rement sucr\u00e9e. &nbsp; &nbsp; Une tr\u00e8s bonne recette en quiche ici :\u00a0Quiche \u00e0 la courge Carat et au poireau\u00a0caram\u00e9lis\u00e9<\/p>\n","protected":false},"author":1,"featured_media":0,"parent":153,"menu_order":2,"comment_status":"closed","ping_status":"closed","template":"","meta":{"footnotes":""},"class_list":["post-362","page","type-page","status-publish","hentry"],"jetpack_sharing_enabled":true,"_links":{"self":[{"href":"https:\/\/lacensedelavie.fr\/index.php\/wp-json\/wp\/v2\/pages\/362","targetHints":{"allow":["GET"]}}],"collection":[{"href":"https:\/\/lacensedelavie.fr\/index.php\/wp-json\/wp\/v2\/pages"}],"about":[{"href":"https:\/\/lacensedelavie.fr\/index.php\/wp-json\/wp\/v2\/types\/page"}],"author":[{"embeddable":true,"href":"https:\/\/lacensedelavie.fr\/index.php\/wp-json\/wp\/v2\/users\/1"}],"replies":[{"embeddable":true,"href":"https:\/\/lacensedelavie.fr\/index.php\/wp-json\/wp\/v2\/comments?post=362"}],"version-history":[{"count":1,"href":"https:\/\/lacensedelavie.fr\/index.php\/wp-json\/wp\/v2\/pages\/362\/revisions"}],"predecessor-version":[{"id":363,"href":"https:\/\/lacensedelavie.fr\/index.php\/wp-json\/wp\/v2\/pages\/362\/revisions\/363"}],"up":[{"embeddable":true,"href":"https:\/\/lacensedelavie.fr\/index.php\/wp-json\/wp\/v2\/pages\/153"}],"wp:attachment":[{"href":"https:\/\/lacensedelavie.fr\/index.php\/wp-json\/wp\/v2\/media?parent=362"}],"curies":[{"name":"wp","href":"https:\/\/api.w.org\/{rel}","templated":true}]}}