{"id":171,"date":"2018-03-08T16:21:17","date_gmt":"2018-03-08T15:21:17","guid":{"rendered":"http:\/\/lacensedelavie.fr\/?page_id=171"},"modified":"2025-11-05T20:48:13","modified_gmt":"2025-11-05T19:48:13","slug":"produits-transformes","status":"publish","type":"page","link":"https:\/\/lacensedelavie.fr\/index.php\/nos-recettes\/produits-transformes\/","title":{"rendered":"Les produits transform\u00e9s"},"content":{"rendered":"<p>Afin de varier les plaisirs, il est int\u00e9ressant de d\u00e9cliner nos produits sous d&rsquo;autres formes. Cela permet aussi de les conserver et de pouvoir en profiter toute l&rsquo;ann\u00e9e.<\/p>\n<p>Nous transformons donc les l\u00e9gumes et fruits pour r\u00e9aliser des confitures, des sirops, des conserves de l\u00e9gumes, des sauces,&#8230;. dans toute une gamme originale et savoureuse, 100% bio.<\/p>\n<p>Vous souhaitez conna\u00eetre les produits disponibles en ce moment ? Envoyez un mail \u00e0 <a href=\"mailto:contact@lacensedelavie.fr\">contact@lacensedelavie.fr<\/a> pour recevoir la liste et les tarifs.<\/p>\n<p><img loading=\"lazy\" decoding=\"async\" class=\"alignnone wp-image-127 size-medium\" src=\"https:\/\/lacensedelavie.fr\/wp-content\/uploads\/2018\/01\/20180106_092633-e1762372072596-185x300.jpg\" alt=\"\" width=\"185\" height=\"300\" srcset=\"https:\/\/lacensedelavie.fr\/wp-content\/uploads\/2018\/01\/20180106_092633-e1762372072596-185x300.jpg 185w, https:\/\/lacensedelavie.fr\/wp-content\/uploads\/2018\/01\/20180106_092633-e1762372072596-768x1244.jpg 768w, https:\/\/lacensedelavie.fr\/wp-content\/uploads\/2018\/01\/20180106_092633-e1762372072596-632x1024.jpg 632w, https:\/\/lacensedelavie.fr\/wp-content\/uploads\/2018\/01\/20180106_092633-e1762372072596-948x1536.jpg 948w, https:\/\/lacensedelavie.fr\/wp-content\/uploads\/2018\/01\/20180106_092633-e1762372072596-1264x2048.jpg 1264w\" sizes=\"auto, (max-width: 185px) 100vw, 185px\" \/><img loading=\"lazy\" decoding=\"async\" class=\"alignnone size-medium wp-image-211\" src=\"https:\/\/lacensedelavie.fr\/wp-content\/uploads\/2018\/03\/20180308_1949521-e1520952933585-169x300.jpg\" alt=\"\" width=\"169\" height=\"300\" srcset=\"https:\/\/lacensedelavie.fr\/wp-content\/uploads\/2018\/03\/20180308_1949521-e1520952933585-169x300.jpg 169w, https:\/\/lacensedelavie.fr\/wp-content\/uploads\/2018\/03\/20180308_1949521-e1520952933585-768x1365.jpg 768w, https:\/\/lacensedelavie.fr\/wp-content\/uploads\/2018\/03\/20180308_1949521-e1520952933585-576x1024.jpg 576w\" sizes=\"auto, (max-width: 169px) 100vw, 169px\" \/><img loading=\"lazy\" decoding=\"async\" class=\"alignnone wp-image-214 size-medium\" src=\"https:\/\/lacensedelavie.fr\/wp-content\/uploads\/2018\/03\/20170905_1936002-e1520955826199-169x300.jpg\" alt=\"\" width=\"169\" height=\"300\" srcset=\"https:\/\/lacensedelavie.fr\/wp-content\/uploads\/2018\/03\/20170905_1936002-e1520955826199-169x300.jpg 169w, https:\/\/lacensedelavie.fr\/wp-content\/uploads\/2018\/03\/20170905_1936002-e1520955826199-768x1365.jpg 768w, https:\/\/lacensedelavie.fr\/wp-content\/uploads\/2018\/03\/20170905_1936002-e1520955826199-576x1024.jpg 576w\" sizes=\"auto, (max-width: 169px) 100vw, 169px\" \/><\/p>\n","protected":false},"excerpt":{"rendered":"<p>Afin de varier les plaisirs, il est int\u00e9ressant de d\u00e9cliner nos produits sous d&rsquo;autres formes. Cela permet aussi de les conserver et de pouvoir en profiter toute l&rsquo;ann\u00e9e. Nous transformons donc les l\u00e9gumes et fruits pour r\u00e9aliser des confitures, des sirops, des conserves de l\u00e9gumes, des sauces,&#8230;. dans toute une gamme originale et savoureuse, 100% &hellip; <\/p>\n<p class=\"link-more\"><a href=\"https:\/\/lacensedelavie.fr\/index.php\/nos-recettes\/produits-transformes\/\" class=\"more-link\">Continuer la lecture<span class=\"screen-reader-text\"> de &laquo;&nbsp;Les produits transform\u00e9s&nbsp;&raquo;<\/span><\/a><\/p>\n","protected":false},"author":1,"featured_media":0,"parent":23,"menu_order":0,"comment_status":"closed","ping_status":"closed","template":"","meta":{"footnotes":""},"class_list":["post-171","page","type-page","status-publish","hentry"],"jetpack_sharing_enabled":true,"_links":{"self":[{"href":"https:\/\/lacensedelavie.fr\/index.php\/wp-json\/wp\/v2\/pages\/171","targetHints":{"allow":["GET"]}}],"collection":[{"href":"https:\/\/lacensedelavie.fr\/index.php\/wp-json\/wp\/v2\/pages"}],"about":[{"href":"https:\/\/lacensedelavie.fr\/index.php\/wp-json\/wp\/v2\/types\/page"}],"author":[{"embeddable":true,"href":"https:\/\/lacensedelavie.fr\/index.php\/wp-json\/wp\/v2\/users\/1"}],"replies":[{"embeddable":true,"href":"https:\/\/lacensedelavie.fr\/index.php\/wp-json\/wp\/v2\/comments?post=171"}],"version-history":[{"count":7,"href":"https:\/\/lacensedelavie.fr\/index.php\/wp-json\/wp\/v2\/pages\/171\/revisions"}],"predecessor-version":[{"id":543,"href":"https:\/\/lacensedelavie.fr\/index.php\/wp-json\/wp\/v2\/pages\/171\/revisions\/543"}],"up":[{"embeddable":true,"href":"https:\/\/lacensedelavie.fr\/index.php\/wp-json\/wp\/v2\/pages\/23"}],"wp:attachment":[{"href":"https:\/\/lacensedelavie.fr\/index.php\/wp-json\/wp\/v2\/media?parent=171"}],"curies":[{"name":"wp","href":"https:\/\/api.w.org\/{rel}","templated":true}]}}