{"id":123,"date":"2018-02-23T15:41:09","date_gmt":"2018-02-23T14:41:09","guid":{"rendered":"http:\/\/lacensedelavie.fr\/?page_id=123"},"modified":"2021-01-18T10:14:12","modified_gmt":"2021-01-18T09:14:12","slug":"le-site","status":"publish","type":"page","link":"https:\/\/lacensedelavie.fr\/index.php\/le-projet\/le-site\/","title":{"rendered":"L&rsquo;environnement de travail"},"content":{"rendered":"<p>Depuis 2018, nous avons 2 sites diff\u00e9rents \u00e9loign\u00e9s de quelques kilom\u00e8tres pour nos diff\u00e9rentes production.<\/p>\n<p>Un des objectifs du projet est d&rsquo;\u00e9tablir un \u00e9quilibre le plus naturel possible sur ces sites, de mani\u00e8re \u00e0 ne pas utiliser la chimie pour contr\u00f4ler des invasions de ravageurs li\u00e9es \u00e0 la disparition de leurs pr\u00e9dateurs naturels.<img loading=\"lazy\" decoding=\"async\" class=\"wp-image-217 size-medium aligncenter\" src=\"https:\/\/lacensedelavie.fr\/wp-content\/uploads\/2018\/03\/20170915_1849021-e1520953301582-169x300.jpg\" alt=\"\" width=\"169\" height=\"300\" srcset=\"https:\/\/lacensedelavie.fr\/wp-content\/uploads\/2018\/03\/20170915_1849021-e1520953301582-169x300.jpg 169w, https:\/\/lacensedelavie.fr\/wp-content\/uploads\/2018\/03\/20170915_1849021-e1520953301582-768x1365.jpg 768w, https:\/\/lacensedelavie.fr\/wp-content\/uploads\/2018\/03\/20170915_1849021-e1520953301582-576x1024.jpg 576w\" sizes=\"auto, (max-width: 169px) 100vw, 169px\" \/><\/p>\n<p>Les 2 sites n&rsquo;ayant pas \u00e9t\u00e9 exploit\u00e9s de fa\u00e7on intensive depuis plus de 15 ans, ils poss\u00e8dent d\u00e9j\u00e0 de bons atouts. La vie y est d\u00e9j\u00e0 tr\u00e8s pr\u00e9sente mais on va continuer \u00e0 la d\u00e9velopper. Divers am\u00e9nagements sont donc en cours \u00e0 cet effet :<\/p>\n<ul>\n<li>Plantations de haies, d&rsquo;arbres, d&rsquo;arbuste : 300m de haies constitu\u00e9es d&rsquo;essences locales ont \u00e9t\u00e9 plant\u00e9s en 2017, ainsi que des dizaines d&rsquo;arbres et arbustes locaux . Le r\u00f4le de l&rsquo;arbre dans l&rsquo;\u00e9cosyst\u00e8mes est essentiel \u00e0 la vie : protection contre le vent et l&rsquo;\u00e9rosion, abris pour la faune, protection des cultures contre les, cr\u00e9ation de biomasse, etc,&#8230;<\/li>\n<li>Plantations d&rsquo;arbres et arbustes fruitiers : issus principalement de vari\u00e9t\u00e9s locales et anciennes, elles vont permettre de produire des fruits mais aussi de pr\u00e9server la g\u00e9n\u00e9tique de ces vari\u00e9t\u00e9s qui sont particuli\u00e8rement adapt\u00e9es. La diversit\u00e9 permet aussi de limiter les invasions de maladies ou ravageurs, qui souvent sont propres \u00e0 quelques vari\u00e9t\u00e9s et ne touchent pas ou moins les autres. Le caract\u00e8re local permet d&rsquo;\u00eatre moins sensible aux maladies li\u00e9es au fait que la vari\u00e9t\u00e9 n&rsquo;est pas dans son habitat naturel.<\/li>\n<li>Cr\u00e9ation de mares pour abriter une faune aquatique, stocker des r\u00e9serves d&rsquo;eau. Des zones humides sont d\u00e9j\u00e0 pr\u00e9sentes naturellement.<\/li>\n<li>Fauches tardives sur certaines zones, en particulier dans le verger de mani\u00e8re \u00e0 laisser un abri naturel aux insectes. Cela permet de pr\u00e9server des insectes qui sont des pr\u00e9dateurs d&rsquo;autres insectes ravageurs et qui deviennent des auxiliaires de cultures. On essaie ainsi de retrouver un certain \u00e9quilibre qui existe naturellement.<\/li>\n<li>Installation d&rsquo;abri pour la faune locale : nids, abris \u00e0 insectes, tas de pierres,&#8230; L&rsquo;environnement local \u00e9tant principalement constitu\u00e9 de champs de cultures, il est tr\u00e8s difficile pour la faune de se trouver des abris naturels. Il est donc n\u00e9cessaire de les aider un peu.<\/li>\n<li>Introduction d&rsquo;animaux (oies, canards, poules, moutons, chevaux,&#8230;.) pour contr\u00f4ler l\u2019enherbement en \u00e9t\u00e9, apporter de la fumure naturelle, produire des \u0153ufs,&#8230;<\/li>\n<\/ul>\n<p><img loading=\"lazy\" decoding=\"async\" class=\"size-medium wp-image-33 alignleft\" src=\"https:\/\/lacensedelavie.fr\/wp-content\/uploads\/2018\/01\/Olivier_Pety_01-e1515763930298-300x169.jpg\" alt=\"\" width=\"300\" height=\"169\" srcset=\"https:\/\/lacensedelavie.fr\/wp-content\/uploads\/2018\/01\/Olivier_Pety_01-e1515763930298-300x169.jpg 300w, https:\/\/lacensedelavie.fr\/wp-content\/uploads\/2018\/01\/Olivier_Pety_01-e1515763930298-768x432.jpg 768w, https:\/\/lacensedelavie.fr\/wp-content\/uploads\/2018\/01\/Olivier_Pety_01-e1515763930298-1024x577.jpg 1024w\" sizes=\"auto, (max-width: 300px) 100vw, 300px\" \/><\/p>\n<p>Ces am\u00e9nagements vont s&rsquo;\u00e9taler sur plusieurs ann\u00e9es. Si vous voulez vous impliquer, vous pouvez participer aux diff\u00e9rents chantiers qui sont organis\u00e9s r\u00e9guli\u00e8rement. Une mani\u00e8re de participer concr\u00e8tement pour soutenir cette initiative ! Recevez nos informations par e-mail en envoyant vos coordonn\u00e9es \u00e0 <a href=\"contact@lacensedelavie.fr\" target=\"_blank\" rel=\"noopener noreferrer\">contact@lacensedelavie.fr<\/a> ou suivez nous sur Facebook\u00a0 <a href=\"https:\/\/www.facebook.com\/lacensedelavie\">https:\/\/www.facebook.com\/lacensedelavie<\/a><\/p>\n","protected":false},"excerpt":{"rendered":"<p>Depuis 2018, nous avons 2 sites diff\u00e9rents \u00e9loign\u00e9s de quelques kilom\u00e8tres pour nos diff\u00e9rentes production. Un des objectifs du projet est d&rsquo;\u00e9tablir un \u00e9quilibre le plus naturel possible sur ces sites, de mani\u00e8re \u00e0 ne pas utiliser la chimie pour contr\u00f4ler des invasions de ravageurs li\u00e9es \u00e0 la disparition de leurs pr\u00e9dateurs naturels. Les 2 &hellip; <\/p>\n<p class=\"link-more\"><a href=\"https:\/\/lacensedelavie.fr\/index.php\/le-projet\/le-site\/\" class=\"more-link\">Continuer la lecture<span class=\"screen-reader-text\"> de &laquo;&nbsp;L&rsquo;environnement de travail&nbsp;&raquo;<\/span><\/a><\/p>\n","protected":false},"author":1,"featured_media":0,"parent":120,"menu_order":0,"comment_status":"closed","ping_status":"closed","template":"","meta":{"footnotes":""},"class_list":["post-123","page","type-page","status-publish","hentry"],"jetpack_sharing_enabled":true,"_links":{"self":[{"href":"https:\/\/lacensedelavie.fr\/index.php\/wp-json\/wp\/v2\/pages\/123","targetHints":{"allow":["GET"]}}],"collection":[{"href":"https:\/\/lacensedelavie.fr\/index.php\/wp-json\/wp\/v2\/pages"}],"about":[{"href":"https:\/\/lacensedelavie.fr\/index.php\/wp-json\/wp\/v2\/types\/page"}],"author":[{"embeddable":true,"href":"https:\/\/lacensedelavie.fr\/index.php\/wp-json\/wp\/v2\/users\/1"}],"replies":[{"embeddable":true,"href":"https:\/\/lacensedelavie.fr\/index.php\/wp-json\/wp\/v2\/comments?post=123"}],"version-history":[{"count":15,"href":"https:\/\/lacensedelavie.fr\/index.php\/wp-json\/wp\/v2\/pages\/123\/revisions"}],"predecessor-version":[{"id":464,"href":"https:\/\/lacensedelavie.fr\/index.php\/wp-json\/wp\/v2\/pages\/123\/revisions\/464"}],"up":[{"embeddable":true,"href":"https:\/\/lacensedelavie.fr\/index.php\/wp-json\/wp\/v2\/pages\/120"}],"wp:attachment":[{"href":"https:\/\/lacensedelavie.fr\/index.php\/wp-json\/wp\/v2\/media?parent=123"}],"curies":[{"name":"wp","href":"https:\/\/api.w.org\/{rel}","templated":true}]}}